176704.
2, 11, 251
What are the prime factors of 4663848?
2, 3, 7, 17, 23, 71
List the prime factors of 192757.
192757
List the prime factors of 413669.
179, 2311
List the prime factors of 8430328.
2, 23, 45817
List the prime factors of 138816.
2, 3, 241
List the prime factors of 644463.
3, 23869
What are the prime factors of 1651138?
2, 19, 43451
List the prime factors of 2510997.
3, 569, 1471
What are the prime factors of 8511500?
2, 5, 29, 587
What are the prime factors of 1081742?
2, 540871
What are the prime factors of 37024396?
2, 9256099
What are the prime factors of 1523766?
2, 3, 229, 1109
What are the prime factors of 172924?
2, 17, 2543
List the prime factors of 10232882.
2, 11, 29, 43, 373
What are the prime factors of 1944554?
2, 972277
List the prime factors of 92533.
7, 13219
What are the prime factors of 8140196?
2, 101, 20149
What are the prime factors of 395954?
2, 13, 97, 157
List the prime factors of 243637.
19, 12823
What are the prime factors of 400818?
2, 3, 11, 6073
List the prime factors of 800497.
800497
What are the prime factors of 24693608?
2, 31, 99571
What are the prime factors of 858832?
2, 13, 4129
What are the prime factors of 16659598?
2, 367, 22697
What are the prime factors of 205863?
3, 7, 9803
List the prime factors of 171799.
171799
List the prime factors of 6825883.
19, 101, 3557
List the prime factors of 757887.
3, 13, 19433
List the prime factors of 922196.
2, 11, 20959
What are the prime factors of 13569?
3, 4523
What are the prime factors of 13943319?
3, 13, 61, 5861
What are the prime factors of 7482?
2, 3, 29, 43
What are the prime factors of 2208893?
2208893
List the prime factors of 42528.
2, 3, 443
What are the prime factors of 1241734?
2, 13, 163, 293
List the prime factors of 418719.
3, 7, 127, 157
What are the prime factors of 1667518?
2, 833759
List the prime factors of 632429.
7, 167, 541
What are the prime factors of 18395231?
101, 182131
What are the prime factors of 485752?
2, 60719
List the prime factors of 4531473.
3, 347, 1451
List the prime factors of 92411.
11, 31, 271
What are the prime factors of 2178032?
2, 197, 691
List the prime factors of 333620.
2, 5, 7, 2383
What are the prime factors of 379613?
13, 29201
What are the prime factors of 4465361?
19, 199, 1181
What are the prime factors of 4970220?
2, 3, 5, 82837
What are the prime factors of 542113?
11, 13, 17, 223
List the prime factors of 25961358.
2, 3, 4326893
What are the prime factors of 13223249?
13, 1017173
What are the prime factors of 1300915?
5, 7, 11, 31, 109
What are the prime factors of 650362?
2, 325181
What are the prime factors of 5836634?
2, 59, 49463
List the prime factors of 3492940.
2, 5, 11, 15877
List the prime factors of 1210201.
79, 15319
List the prime factors of 14016121.
7, 2002303
What are the prime factors of 16346124?
2, 3, 67, 251
What are the prime factors of 10388920?
2, 5, 259723
What are the prime factors of 10367831?
10367831
List the prime factors of 236953.
211, 1123
List the prime factors of 1512940.
2, 5, 11, 13, 23
What are the prime factors of 3532677?
3, 89, 101, 131
List the prime factors of 31532747.
23, 271, 5059
What are the prime factors of 16526250?
2, 3, 5, 13, 113
List the prime factors of 136785.
3, 5, 11, 829
List the prime factors of 433338.
2, 3, 72223
List the prime factors of 13862729.
89, 109, 1429
List the prime factors of 3574577.
3574577
List the prime factors of 58115.
5, 59, 197
List the prime factors of 1361516.
2, 13, 26183
What are the prime factors of 3728639?
239, 15601
List the prime factors of 1944698.
2, 7, 17, 8171
List the prime factors of 3157730.
2, 5, 109, 2897
List the prime factors of 361340.
2, 5, 7, 29, 89
What are the prime factors of 14528516?
2, 163, 22283
What are the prime factors of 106781?
106781
List the prime factors of 24102120.
2, 3, 5, 7, 4099
What are the prime factors of 217432?
2, 27179
What are the prime factors of 14461586?
2, 547, 13219
What are the prime factors of 246950?
2, 5, 11, 449
What are the prime factors of 21614022?
2, 3, 1200779
What are the prime factors of 1569202?
2, 17, 46153
List the prime factors of 753057.
3, 1033
List the prime factors of 214884.
2, 3, 47, 127
What are the prime factors of 9435854?
2, 4717927
List the prime factors of 533918.
2, 7, 11, 3467
What are the prime factors of 408059?
29, 14071
What are the prime factors of 17351926?
2, 139, 62417
List the prime factors of 1616811.
3, 7, 76991
What are the prime factors of 7719538?
2, 3859769
What are the prime factors of 348196?
2, 87049
List the prime factors of 111263.
111263
List the prime factors of 428360.
2, 5, 10709
List the prime factors of 666288.
2, 3, 7, 661
What are the prime factors of 2222179?
163, 13633
List the prime factors of 64906.
2, 17, 23, 83
List the prime factors of 209860.
2, 5, 7, 1499
List the prime factors of 4649610.
2, 3, 5, 7, 3163
List the prime factors of 2730462.
2, 3, 7, 65011
What are the prime factors of 194312?
2, 107, 227
What are the prime factors of 218984?
2, 31, 883
List the prime factors of 4600158.
2, 3, 769, 997
List the prime factors of 655765.
5, 11, 11923
List the prime factors of 15895389.
3, 53, 99971
What are the prime factors of 125993?
7, 41, 439
What are the prime factors of 566395?
5, 113279
What are the prime factors of 72901?
72901
What are the prime factors of 4666520?
2, 5, 116663
What are the prime factors of 387474?
2, 3, 64579
What are the prime factors of 1861833?
3, 71, 8741
List the prime factors of 1805991.
3, 11, 54727
List the prime factors of 7294888.
2, 911861
What are the prime factors of 9202613?
7, 1314659
What are the prime factors of 52285?
5, 10457
List the prime factors of 264288.
2, 3, 2753
List the prime factors of 3383200.
2, 5, 4229
What are the prime factors of 5265195?
3, 5, 13, 31, 67
What are the prime factors of 1020764?
2, 255191
List the prime factors of 4933522.
2, 11, 224251
List the prime factors of 5032577.
11, 457507
What are the prime factors of 462647?
293, 1579
What are the prime factors of 2742987?
3, 13, 61, 1153
What are the prime factors of 7913271?
3, 53, 157, 317
What are the prime factors of 1781069?
37, 1301
What are the prime factors of 6081951?
3, 2027317
What are the prime factors of 211322?
2, 157, 673
List the prime factors of 151116.
2, 3, 7, 257
What are the prime factors of 101183?
101183
List the prime factors of 407078.
2, 7, 29077
What are the prime factors of 318830?
2, 5, 31883
What are the prime factors of 22583177?
79, 179, 1597
What are the prime factors of 7548628?
2, 61, 30937
List the prime factors of 823977.
3, 7, 11, 29, 41
List the prime factors of 34920281.
11, 3174571
List the prime factors of 888641.
13, 17, 4021
What are the prime factors of 2414859?
3, 29, 41, 677
What are the prime factors of 280047?
3, 277, 337
List the prime factors of 279666.
2, 3, 5179
What are the prime factors of 231593?
101, 2293
What are the prime factors of 442974?
2, 3, 7, 53, 199
What are the prime factors of 627705?
3, 5, 13, 29, 37
What are the prime factors of 1903311?
3, 157, 449
What are the prime factors of 13821889?
13821889
What are the prime factors of 1116895?
5, 13, 17183
List the prime factors of 5352509.
19, 41, 6871
List the prime factors of 5028461.
5028461
List the prime factors of 1401841.
7, 61, 67
What are the prime factors of 353510?
2, 5, 23, 29, 53
What are the prime factors of 1076094?
2, 3, 191, 313
List the prime factors of 22692285.
3, 5, 7, 11, 37, 59
What are the prime factors of 4556618?
2, 11, 19, 991
What are the prime factors of 152420?
2, 5, 7621
What are the prime factors of 13758255?
3, 5, 7, 23, 211
What are the prime factors of 13143039?
3, 7, 13, 31, 1553
What are the prime factors of 4504358?
2, 2252179
What are the prime factors of 414250?
2, 5, 1657
What are the prime factors of 620167?
281, 2207
List the prime factors of 133290.
2, 3, 5, 1481
List the prime factors of 1037362.
2, 19, 27299
What are the prime factors of 1002251?
373, 2687
What are the prime factors of 183467?
271, 677
What are the prime factors of 20323?
20323
List the prime factors of 100446.
2, 3, 16741
List the prime factors of 6018196.
2, 29, 1789
What are the prime factors of 2833747?
7, 17, 23813
List the prime factors of 